- 12*x**2 + 7*x + 11. Is l(12) a prime number?
False
Suppose 4*t = 5*x + 6, -5*t + 2*t + 10 = -x. Suppose -2 = -y - 0*y, -t*z - 2*y = -1064. Is z a composite number?
True
Let t(m) = 29*m**2 + 4*m + 10. Is t(-3) a prime number?
False
Suppose -8*y = -4*a - 3*y + 1097, -y = 5. Suppose 5*h - 3*j + 108 = 556, -3*h = -j - a. Is h composite?
False
Let u = 1284 - 791. Is u a prime number?
False
Suppose 8*p - 3*p - 4*h = 1187, p + h - 241 = 0. Is p a composite number?
False
Is (-1)/1 - 0 - -146 prime?
False
Let v(h) = h**3 - 8*h**2 - 3*h - 1. Let m be v(8). Let p = m - -15. Let u = p + 16. Is u composite?
True
Suppose -719 = -u - 171. Suppose -5*w + 701 + u = 2*o, 2*w = -o + 499. Is w a prime number?
True
Let f be (-2)/(-1) - (-6)/1. Suppose 0 = 2*d + 2*d - 5*y + f, 0 = d + 2*y - 11. Suppose d*b - 4 = 26. Is b a composite number?
True
Is (-2)/(-4) - (-6)/(12/817) prime?
True
Let a(m) = 8*m - 1. Let u(n) = n**3 - 2*n**2 + 2*n - 1. Suppose -5*d + 6 = p, 3*p + 0*p + 2 = -5*d. Let v be u(d). Is a(v) a composite number?
False
Let k(z) = 318*z**3 + 2*z**2 - z. Suppose 5*i + 0*q = 5*q + 20, -13 = -i + 4*q. Is k(i) a prime number?
False
Let j = 3687 - 2333. Is j a composite number?
True
Let z(d) = -d**3 - d**2 - 5*d - 7. Let l be z(-6). Let t = l - -104. Is t prime?
True
Let j(c) = 189 + 2*c - 56 - c. Is j(0) a composite number?
True
Let t(b) = -b**3 - 3*b**2 - 3*b + 1. Is t(-3) a composite number?
True
Suppose 0 = 3*n - 19 - 5. Let q = -5 + n. Is q a prime number?
True
Suppose -2*d + 130 = -96. Is d a composite number?
False
Suppose -2*v = 2*j - 2414, 5*v = 5*j + 7738 - 1703. Is v a prime number?
False
Suppose -4*p = 3*t - 6*p - 2319, -p = -3*t + 2316. Is t composite?
True
Let d(j) = -j + 5. Let s be d(4). Is ((-1)/s)/(3/(-354)) prime?
False
Let j(x) = x - 9. Let i(z) = -2*z + 19. Let g be ((-10)/6)/(2/6). Let v(s) = g*j(s) - 2*i(s). Is v(-7) prime?
False
Let g(z) = -z**3 + 7*z**2 + 7*z + 11. Let p be g(8). Let v be (85 - p) + 0 + 3. Suppose t = v - 26. Is t a composite number?
False
Suppose s + 5*t - 500 = 0, 2*t + 1222 - 186 = 2*s. Is s a prime number?
False
Suppose -w - 5*x = -1059, 2*w - 2*x - 2241 = -147. Is w prime?
True
Let z(y) = y**3 + y**2 + 4. Let u be z(0). Suppose 0 = u*t - 61 - 3. Suppose -2*w - 2 = -t. Is w a prime number?
True
Let k(t) = t - 5. Let r be k(5). Suppose r = d - 4, -6*d + 2*d + 380 = 4*a. Is a a composite number?
True
Suppose -3*f + 8 = -7. Suppose -3*n + 391 = f*t, -n + 87 = t + 8. Is t a prime number?
False
Let n(p) = 3*p**2 + 7*p - 23. Is n(-11) a prime number?
True
Suppose 3035 = 5*y - 5*n, -y + 2*n - 619 = -2*y. Suppose 0*t + 6 = -3*t, -3*x + y = -t. Is x prime?
False
Let q = 78 + 43. Is q a prime number?
False
Suppose 101 = 4*x + g - 47, -2*g + 144 = 4*x. Let u = 44 + -39. Suppose 2*a + 5*r = x, 4*a = 5*a - u*r - 4. Is a prime?
False
Let r(m) = -18*m + 5. Is r(-3) prime?
True
Let r = 379 - 168. Is r a prime number?
True
Let w(y) = y**2 - 20*y - 3. Is w(24) prime?
False
Let i(n) be the third derivative of n**5/60 - n**4/8 - n**3/3 - 7*n**2. Let j = -9 - -5. Is i(j) composite?
True
Suppose 75 + 40 = 5*s. Is (-10 - 16)/((-2)/s) a prime number?
False
Let j be 15/10*(-1578)/(-9). Let t = j + -124. Is t a composite number?
False
Let f be (-2)/(-9) + (-1562)/(-18). Let b = 198 - f. Suppose c - b = -20. Is c a composite number?
True
Suppose -4*z = -2*z - 4. Suppose 0 = 2*r + 3*l - 74, z*r = r - l + 37. Is r a composite number?
False
Suppose 0 = -3*v + v + 6. Let y(h) = 3*h**2 - 5*h + 3. Let p be y(v). Suppose -u + 6*u = -p, 0 = -3*s - 3*u + 276. Is s a composite number?
True
Is (-9)/(-12) - (-12580)/16 prime?
True
Is (-5*(-3)/(-12))/(1/(-692)) composite?
True
Let s(w) = -2*w - 3. Let x(b) = 3*b + 2. Let l(h) = 4*s(h) + 5*x(h). Let d be l(8). Suppose -z + d = -13. Is z a composite number?
False
Suppose -3*z + 17 = 4*o, z - 5*o + 22 = 4*z. Let c(x) = -x - 2 + 76*x**2 + 2. Is c(z) a composite number?
True
Let b be -3*(-1 - 482/6). Suppose 3*z = -4*m + 32, -3*z = -z + 5*m - 33. Suppose 0 = z*g - 64 - b. Is g a composite number?
True
Suppose 3*l = c + 598, -2 + 1 = c. Is l prime?
True
Let j(a) = -a. Let b be j(4). Is 38/b*(3 - 5) composite?
False
Let q be (-3)/((9/34)/3). Is (-15)/6*q*1 a prime number?
False
Let a be 18/81 + (-25)/(-9). Suppose 2*z - a*z = -205. Is z a prime number?
False
Suppose p - 8 = -2. Suppose 3*y - y = p. Suppose -4*q = 3*l - q - 99, 0 = -5*l - y*q + 161. Is l a prime number?
True
Let r = 107 + 104. Is r a composite number?
False
Suppose 0 = m + 3, 0*m = 3*r + 4*m - 2538. Suppose -r = -2*k - 3*c, -5*k - c = -3*k - 842. Is k prime?
True
Is 4 - (-1500)/(0 + 4) prime?
True
Suppose 0 = -3*g + 43 - 130. Let s = -4 - g. Is s a composite number?
True
Let x(o) = 3*o**2 - 5 + 7*o - o**3 + 0 - o. Is x(4) composite?
False
Is -1*((-4283)/(-4))/((-15)/60) prime?
True
Suppose -2*j + 1632 = -3*u, 4*j - 3242 = -u - 4*u. Is j a prime number?
False
Let g be 0 - 0 - (5 - 1). Let q(y) = y**3 + 3*y**2 - 6*y - 4. Let p be q(g). Is 2/p + 50/4 composite?
False
Let b = -199 - -109. Let x = b + 139. Is x prime?
False
Let h = 260 - 99. Is h prime?
False
Let j be 3*-2*5/(-2). Is (509/3)/(5/j) composite?
False
Is ((-28)/(-8) - 4)*(-975 - -1) a prime number?
True
Let q be (4/2 + -12)/(-2). Suppose q*m - 3*l - 40 = 0, 2*m + 2*m = 3*l + 35. Suppose m*h = 2*k - 4*k + 95, -5*k = -2*h - 281. Is k composite?
True
Let c(a) = a**2 + 11*a + 149. Is c(0) composite?
False
Suppose 4*d = 3*m - 50, 5*d - 14 = -4*m + 1. Let s(v) = 25*v + 9. Is s(m) composite?
True
Suppose -3*y = -746 - 697. Is y a composite number?
True
Suppose 0*b + 8 = -f + 3*b, 5*f + 4*b = 17. Let s = f - 22. Let v = 14 - s. Is v a prime number?
False
Let v(w) = 4*w**3 + 2*w**2 - w + 4. Is v(3) composite?
False
Suppose -6*q = -8*q. Suppose q = 5*d - 4 - 1, 5*d = -2*s + 303. Is s a composite number?
False
Let z(u) = 0*u**2 + 6 + 3*u - 6*u - 11*u - u**2. Is z(-13) composite?
False
Suppose -3*j + 2*j = -4*c - 8, 3*j - 4 = 2*c. Suppose -2*x + 6*x - 340 = j. Is x a composite number?
True
Let i(z) = -6*z**2 - z. Let y be i(1). Let d = y + 45. Let q = -5 + d. Is q a prime number?
False
Let h = 1291 - -2644. Is h a prime number?
False
Let n be 34/(1 + 0 + 0). Is n + (0 - (1 - 2)) a composite number?
True
Suppose -3*v - w + 14 = 0, -27 = -5*v + w + w. Let z(r) = 5 + 8*r**2 - v*r**2 + 4*r**2 - r + 2*r. Is z(4) a composite number?
True
Let y be 0 - -2 - (1 + 1). Suppose -6*g + 11*g - 30 = 0. Suppose g*d - 3*d - 357 = y. Is d a composite number?
True
Suppose -3*t + 8 = 4*x, x = -2*x + 5*t - 23. Is 118 - ((x - -3) + 1) composite?
True
Let m be (-6)/(-4)*(-5936)/6. Let d(q) = -9*q - 1. Let l be d(1). Is 6/10 + m/l a composite number?
False
Let w(m) = -m**3 + 5*m**2 + 2*m - 5. Is w(-6) a prime number?
True
Let m(u) = u**2 + 8*u - 22. Is m(-12) prime?
False
Suppose -3*s = 12 + 12. Let g be 3/12 - (-2)/s. Suppose g*u = -2*u + 6. Is u a prime number?
True
Let n = -10 + 14. Suppose n*q - 2*o = 3*o + 141, 0 = -4*q - o + 135. Is q prime?
False
Suppose -144 = -w + 397. Is w a composite number?
False
Let l be (42/(-24))/(3/36). Let d be 470/9 + (-2)/9. Let h = l + d. Is h a prime number?
True
Suppose -3*m + 4*b + 198 = -m, 0 = 3*m - 2*b - 305. Is m composite?
False
Let r(u) = -69*u**3 - 7*u**2 - u - 2. Is r(-3) composite?
False
Let a(w) = -1487*w + 17. Is a(-2) prime?
False
Let l(h) = 9*h + 3. Let j be l(-2). Let m = j + 34. Is m a composite number?
False
Let c(f) = -16*f**3 - 4*f**2 + f. Let d(j) = j**2 - 10*j - 14. Let n be d(11). Is c(n) a prime number?
False
Let v be (0 + -1)*(-1 + 10). Let l(a) = -a**2 - 8*a + 9. Let w be l(v). Suppose -n + 5*n - 236 = w. Is n a prime number?
True
Let u(x) = 1087*x. Is u(1) composite?
False
Is 51/(16/4 + -3) prime?
False
Suppose -3*n = d + 6 + 1, 0 = 3*n + 12. Suppose 0 = 4*u + 20, d*u + 1050 = 4*w + 429. Is w a prime number?
True
Let z(r) = r + 3. Let c be z(-3). Suppose k + 2*k = c. Suppose -51 = -i - k. Is i a prime number?
False
Let r = -8 + 8. Suppose 5*b = -r*b + 555. Is b a prime number?
False
Let v(s) = s + 39. Let m be -1*-1*(0 + 0). Is v(m) prime?
False
Let x be 2/(-9) - 6/(-27). Suppose 5*g = -s - x*s - 14, 0 = -5*s - g + 2. Is s/((1 - -1)/74) a composite number?
False
Suppose -4*c - 3 = -5*c. Let b be ((-3)/(-2))/(c/(-4)). Is (0 - -37)/(b/(-2)) composite?
